[INFO] fetching crate eventfd 0.1.0...
[INFO] checking eventfd-0.1.0 against master#cfbc6d4cf1acbac5c025acf8ed68929caa551df3 for pr-75494-beta
[INFO] extracting crate eventfd 0.1.0 into /workspace/builds/worker-7/source
[INFO] validating manifest of crates.io crate eventfd 0.1.0 on toolchain cfbc6d4cf1acbac5c025acf8ed68929caa551df3
[INFO] running `Command { std: "/workspace/cargo-home/bin/cargo" "+cfbc6d4cf1acbac5c025acf8ed68929caa551df3" "read-manifest" "--manifest-path" "Cargo.toml", kill_on_drop: false }`
[INFO] started tweaking crates.io crate eventfd 0.1.0
[INFO] finished tweaking crates.io crate eventfd 0.1.0
[INFO] tweaked toml for crates.io crate eventfd 0.1.0 written to /workspace/builds/worker-7/source/Cargo.toml
[INFO] running `Command { std: "/workspace/cargo-home/bin/cargo" "+cfbc6d4cf1acbac5c025acf8ed68929caa551df3" "generate-lockfile" "--manifest-path" "Cargo.toml" "-Zno-index-update", kill_on_drop: false }`
[INFO] running `Command { std: "/workspace/cargo-home/bin/cargo" "+cfbc6d4cf1acbac5c025acf8ed68929caa551df3" "fetch" "--locked" "--manifest-path" "Cargo.toml", kill_on_drop: false }`
[INFO] running `Command { std: "docker" "create" "-v" "/var/lib/crater-agent-workspace/builds/worker-7/target:/opt/rustwide/target:rw,Z" "-v" "/var/lib/crater-agent-workspace/builds/worker-7/source:/opt/rustwide/workdir:ro,Z" "-v" "/var/lib/crater-agent-workspace/cargo-home:/opt/rustwide/cargo-home:ro,Z" "-v" "/var/lib/crater-agent-workspace/rustup-home:/opt/rustwide/rustup-home:ro,Z" "-e" "SOURCE_DIR=/opt/rustwide/workdir" "-e" "CARGO_TARGET_DIR=/opt/rustwide/target" "-e" "CARGO_HOME=/opt/rustwide/cargo-home" "-e" "RUSTUP_HOME=/opt/rustwide/rustup-home" "-w" "/opt/rustwide/workdir" "-m" "1610612736" "--user" "0:0" "--network" "none" "rustops/crates-build-env@sha256:a636fd89d022f18117e1dc8fb37a0a009933cdbbe082814857f0e2024962d47c" "/opt/rustwide/cargo-home/bin/cargo" "+cfbc6d4cf1acbac5c025acf8ed68929caa551df3" "metadata" "--no-deps" "--format-version=1", kill_on_drop: false }`
[INFO] [stdout] 49e52ab0bbe0888e025c5817afdf74e479b1e8604285ee2b5a8b6052cc6e2c4a
[INFO] [stderr] WARNING: Your kernel does not support swap limit capabilities or the cgroup is not mounted. Memory limited without swap.
[INFO] running `Command { std: "docker" "start" "-a" "49e52ab0bbe0888e025c5817afdf74e479b1e8604285ee2b5a8b6052cc6e2c4a", kill_on_drop: false }`
[INFO] running `Command { std: "docker" "inspect" "49e52ab0bbe0888e025c5817afdf74e479b1e8604285ee2b5a8b6052cc6e2c4a", kill_on_drop: false }`
[INFO] running `Command { std: "docker" "rm" "-f" "49e52ab0bbe0888e025c5817afdf74e479b1e8604285ee2b5a8b6052cc6e2c4a", kill_on_drop: false }`
[INFO] [stdout] 49e52ab0bbe0888e025c5817afdf74e479b1e8604285ee2b5a8b6052cc6e2c4a
[INFO] running `Command { std: "docker" "create" "-v" "/var/lib/crater-agent-workspace/builds/worker-7/target:/opt/rustwide/target:rw,Z" "-v" "/var/lib/crater-agent-workspace/builds/worker-7/source:/opt/rustwide/workdir:ro,Z" "-v" "/var/lib/crater-agent-workspace/cargo-home:/opt/rustwide/cargo-home:ro,Z" "-v" "/var/lib/crater-agent-workspace/rustup-home:/opt/rustwide/rustup-home:ro,Z" "-e" "SOURCE_DIR=/opt/rustwide/workdir" "-e" "CARGO_TARGET_DIR=/opt/rustwide/target" "-e" "CARGO_INCREMENTAL=0" "-e" "RUST_BACKTRACE=full" "-e" "RUSTFLAGS=--cap-lints=forbid" "-e" "CARGO_HOME=/opt/rustwide/cargo-home" "-e" "RUSTUP_HOME=/opt/rustwide/rustup-home" "-w" "/opt/rustwide/workdir" "-m" "1610612736" "--user" "0:0" "--network" "none" "rustops/crates-build-env@sha256:a636fd89d022f18117e1dc8fb37a0a009933cdbbe082814857f0e2024962d47c" "/opt/rustwide/cargo-home/bin/cargo" "+cfbc6d4cf1acbac5c025acf8ed68929caa551df3" "check" "--frozen" "--all" "--all-targets" "--message-format=json", kill_on_drop: false }`
[INFO] [stdout] 3618ebd782ace232efaf2e39dbc6ffbc447050852d1be6ae2458908a8dbe5f29
[INFO] [stderr] WARNING: Your kernel does not support swap limit capabilities or the cgroup is not mounted. Memory limited without swap.
[INFO] running `Command { std: "docker" "start" "-a" "3618ebd782ace232efaf2e39dbc6ffbc447050852d1be6ae2458908a8dbe5f29", kill_on_drop: false }`
[INFO] [stderr]    Compiling libc v0.2.76
[INFO] [stderr]     Checking eventfd v0.1.0 (/opt/rustwide/workdir)
[INFO] [stdout] error[E0308]: mismatched types
[INFO] [stdout]   --> src/lib.rs:57:62
[INFO] [stdout]    |
[INFO] [stdout] 57 |             libc::read(self.fd as c_int, ptr as *mut c_void, std::mem::size_of_val(&ret) as u64)
[INFO] [stdout]    |                                                              ^^^^^^^^^^^^^^^^^^^^^^^^^^^^^^^^^^ expected `usize`, found `u64`
[INFO] [stdout]    |
[INFO] [stdout] help: you can convert an `u64` to `usize` and panic if the converted value wouldn't fit
[INFO] [stdout]    |
[INFO] [stdout] 57 |             libc::read(self.fd as c_int, ptr as *mut c_void, (std::mem::size_of_val(&ret) as u64).try_into().unwrap())
[INFO] [stdout]    |                                                              ^^^^^^^^^^^^^^^^^^^^^^^^^^^^^^^^^^^^^^^^^^^^^^^^^^^^^^^^
[INFO] [stdout] 
[INFO] [stdout] 
[INFO] [stdout] error[E0308]: mismatched types
[INFO] [stdout]   --> src/lib.rs:71:65
[INFO] [stdout]    |
[INFO] [stdout] 71 |             libc::write(self.fd as c_int, ptr as *const c_void, std::mem::size_of_val(&val) as u64)
[INFO] [stdout]    |                                                                 ^^^^^^^^^^^^^^^^^^^^^^^^^^^^^^^^^^ expected `usize`, found `u64`
[INFO] [stdout]    |
[INFO] [stdout] help: you can convert an `u64` to `usize` and panic if the converted value wouldn't fit
[INFO] [stdout]    |
[INFO] [stdout] 71 |             libc::write(self.fd as c_int, ptr as *const c_void, (std::mem::size_of_val(&val) as u64).try_into().unwrap())
[INFO] [stdout]    |                                                                 ^^^^^^^^^^^^^^^^^^^^^^^^^^^^^^^^^^^^^^^^^^^^^^^^^^^^^^^^
[INFO] [stdout] 
[INFO] [stdout] 
[INFO] [stdout] error: aborting due to 2 previous errors
[INFO] [stdout] 
[INFO] [stdout] 
[INFO] [stdout] For more information about this error, try `rustc --explain E0308`.
[INFO] [stdout] 
[INFO] [stderr] error: could not compile `eventfd`.
[INFO] [stderr] 
[INFO] [stderr] To learn more, run the command again with --verbose.
[INFO] [stderr] warning: build failed, waiting for other jobs to finish...
[INFO] [stdout] error[E0308]: mismatched types
[INFO] [stdout]   --> src/lib.rs:57:62
[INFO] [stdout]    |
[INFO] [stdout] 57 |             libc::read(self.fd as c_int, ptr as *mut c_void, std::mem::size_of_val(&ret) as u64)
[INFO] [stdout]    |                                                              ^^^^^^^^^^^^^^^^^^^^^^^^^^^^^^^^^^ expected `usize`, found `u64`
[INFO] [stdout]    |
[INFO] [stdout] help: you can convert an `u64` to `usize` and panic if the converted value wouldn't fit
[INFO] [stdout]    |
[INFO] [stdout] 57 |             libc::read(self.fd as c_int, ptr as *mut c_void, (std::mem::size_of_val(&ret) as u64).try_into().unwrap())
[INFO] [stdout]    |                                                              ^^^^^^^^^^^^^^^^^^^^^^^^^^^^^^^^^^^^^^^^^^^^^^^^^^^^^^^^
[INFO] [stdout] 
[INFO] [stdout] 
[INFO] [stdout] error[E0308]: mismatched types
[INFO] [stdout]   --> src/lib.rs:71:65
[INFO] [stdout]    |
[INFO] [stdout] 71 |             libc::write(self.fd as c_int, ptr as *const c_void, std::mem::size_of_val(&val) as u64)
[INFO] [stdout]    |                                                                 ^^^^^^^^^^^^^^^^^^^^^^^^^^^^^^^^^^ expected `usize`, found `u64`
[INFO] [stdout]    |
[INFO] [stdout] help: you can convert an `u64` to `usize` and panic if the converted value wouldn't fit
[INFO] [stdout]    |
[INFO] [stdout] 71 |             libc::write(self.fd as c_int, ptr as *const c_void, (std::mem::size_of_val(&val) as u64).try_into().unwrap())
[INFO] [stdout]    |                                                                 ^^^^^^^^^^^^^^^^^^^^^^^^^^^^^^^^^^^^^^^^^^^^^^^^^^^^^^^^
[INFO] [stdout] 
[INFO] [stdout] 
[INFO] [stdout] error: aborting due to 2 previous errors
[INFO] [stdout] 
[INFO] [stdout] 
[INFO] [stdout] For more information about this error, try `rustc --explain E0308`.
[INFO] [stdout] 
[INFO] [stderr] error: build failed
[INFO] running `Command { std: "docker" "inspect" "3618ebd782ace232efaf2e39dbc6ffbc447050852d1be6ae2458908a8dbe5f29", kill_on_drop: false }`
[INFO] running `Command { std: "docker" "rm" "-f" "3618ebd782ace232efaf2e39dbc6ffbc447050852d1be6ae2458908a8dbe5f29", kill_on_drop: false }`
[INFO] [stdout] 3618ebd782ace232efaf2e39dbc6ffbc447050852d1be6ae2458908a8dbe5f29
